{"id":15,"date":"2018-04-16T08:53:15","date_gmt":"2018-04-16T11:53:15","guid":{"rendered":"http:\/\/localhost\/base\/sitenovo\/?page_id=15"},"modified":"2020-12-01T15:13:46","modified_gmt":"2020-12-01T18:13:46","slug":"contato","status":"publish","type":"page","link":"https:\/\/www.gpgroup.com.br\/site\/contato\/","title":{"rendered":"Contato"},"content":{"rendered":"<p>Preencha o formul\u00e1rio abaixo para entrar em contato conosco.<br \/>\nOu fale conosco atrav\u00e9s de nosso telefone, e-mail e endere\u00e7o <span class=\"d-none d-md-inline\">ao lado<\/span><span class=\"d-md-none\">abaixo<\/span> do formul\u00e1rio.<\/p>\n","protected":false},"excerpt":{"rendered":"<p>Preencha o formul\u00e1rio abaixo para entrar em contato conosco. Ou fale conosco atrav\u00e9s de nosso telefone, e-mail e endere\u00e7o ao ladoabaixo do formul\u00e1rio.<\/p>\n","protected":false},"author":2,"featured_media":0,"parent":0,"menu_order":0,"comment_status":"closed","ping_status":"closed","template":"page-fale-conosco.php","meta":{"footnotes":""},"acf":[],"yoast_head":"<!-- This site is optimized with the Yoast SEO plugin v21.9.1 - https:\/\/yoast.com\/wordpress\/plugins\/seo\/ -->\n<title>Contato - General Parts<\/title>\n<meta name=\"robots\" content=\"index, follow, max-snippet:-1, max-image-preview:large, max-video-preview:-1\" \/>\n<link rel=\"canonical\" href=\"https:\/\/www.gpgroup.com.br\/site\/contato\/\" \/>\n<meta property=\"og:locale\" content=\"pt_BR\" \/>\n<meta property=\"og:type\" content=\"article\" \/>\n<meta property=\"og:title\" content=\"Contato - General Parts\" \/>\n<meta property=\"og:description\" content=\"Preencha o formul\u00e1rio abaixo para entrar em contato conosco. Ou fale conosco atrav\u00e9s de nosso telefone, e-mail e endere\u00e7o ao ladoabaixo do formul\u00e1rio.\" \/>\n<meta property=\"og:url\" content=\"https:\/\/www.gpgroup.com.br\/site\/contato\/\" \/>\n<meta property=\"og:site_name\" content=\"General Parts\" \/>\n<meta property=\"article:publisher\" content=\"https:\/\/www.facebook.com\/partsgeneral\" \/>\n<meta property=\"article:modified_time\" content=\"2020-12-01T18:13:46+00:00\" \/>\n<meta name=\"twitter:card\" content=\"summary_large_image\" \/>\n<script type=\"application\/ld+json\" class=\"yoast-schema-graph\">{\"@context\":\"https:\/\/schema.org\",\"@graph\":[{\"@type\":\"WebPage\",\"@id\":\"https:\/\/www.gpgroup.com.br\/site\/contato\/\",\"url\":\"https:\/\/www.gpgroup.com.br\/site\/contato\/\",\"name\":\"Contato - General Parts\",\"isPartOf\":{\"@id\":\"https:\/\/www.gpgroup.com.br\/site\/#website\"},\"datePublished\":\"2018-04-16T11:53:15+00:00\",\"dateModified\":\"2020-12-01T18:13:46+00:00\",\"breadcrumb\":{\"@id\":\"https:\/\/www.gpgroup.com.br\/site\/contato\/#breadcrumb\"},\"inLanguage\":\"pt-BR\",\"potentialAction\":[{\"@type\":\"ReadAction\",\"target\":[\"https:\/\/www.gpgroup.com.br\/site\/contato\/\"]}]},{\"@type\":\"BreadcrumbList\",\"@id\":\"https:\/\/www.gpgroup.com.br\/site\/contato\/#breadcrumb\",\"itemListElement\":[{\"@type\":\"ListItem\",\"position\":1,\"name\":\"In\u00edcio\",\"item\":\"https:\/\/www.gpgroup.com.br\/site\/\"},{\"@type\":\"ListItem\",\"position\":2,\"name\":\"Contato\"}]},{\"@type\":\"WebSite\",\"@id\":\"https:\/\/www.gpgroup.com.br\/site\/#website\",\"url\":\"https:\/\/www.gpgroup.com.br\/site\/\",\"name\":\"General Parts\",\"description\":\"Toner &amp; Pe\u00e7as para impressoras e copiadoras\",\"publisher\":{\"@id\":\"https:\/\/www.gpgroup.com.br\/site\/#organization\"},\"potentialAction\":[{\"@type\":\"SearchAction\",\"target\":{\"@type\":\"EntryPoint\",\"urlTemplate\":\"https:\/\/www.gpgroup.com.br\/site\/?s={search_term_string}\"},\"query-input\":\"required name=search_term_string\"}],\"inLanguage\":\"pt-BR\"},{\"@type\":\"Organization\",\"@id\":\"https:\/\/www.gpgroup.com.br\/site\/#organization\",\"name\":\"GP Pe\u00e7as\",\"url\":\"https:\/\/www.gpgroup.com.br\/site\/\",\"logo\":{\"@type\":\"ImageObject\",\"inLanguage\":\"pt-BR\",\"@id\":\"https:\/\/www.gpgroup.com.br\/site\/#\/schema\/logo\/image\/\",\"url\":\"https:\/\/www.gppecas.com.br\/site\/wp-content\/uploads\/2020\/11\/logotipo-big.jpg\",\"contentUrl\":\"https:\/\/www.gppecas.com.br\/site\/wp-content\/uploads\/2020\/11\/logotipo-big.jpg\",\"width\":540,\"height\":298,\"caption\":\"GP Pe\u00e7as\"},\"image\":{\"@id\":\"https:\/\/www.gpgroup.com.br\/site\/#\/schema\/logo\/image\/\"},\"sameAs\":[\"https:\/\/www.facebook.com\/partsgeneral\",\"https:\/\/www.instagram.com\/generalparts\/\"]}]}<\/script>\n<!-- \/ Yoast SEO plugin. -->","yoast_head_json":{"title":"Contato - General Parts","robots":{"index":"index","follow":"follow","max-snippet":"max-snippet:-1","max-image-preview":"max-image-preview:large","max-video-preview":"max-video-preview:-1"},"canonical":"https:\/\/www.gpgroup.com.br\/site\/contato\/","og_locale":"pt_BR","og_type":"article","og_title":"Contato - General Parts","og_description":"Preencha o formul\u00e1rio abaixo para entrar em contato conosco. Ou fale conosco atrav\u00e9s de nosso telefone, e-mail e endere\u00e7o ao ladoabaixo do formul\u00e1rio.","og_url":"https:\/\/www.gpgroup.com.br\/site\/contato\/","og_site_name":"General Parts","article_publisher":"https:\/\/www.facebook.com\/partsgeneral","article_modified_time":"2020-12-01T18:13:46+00:00","twitter_card":"summary_large_image","schema":{"@context":"https:\/\/schema.org","@graph":[{"@type":"WebPage","@id":"https:\/\/www.gpgroup.com.br\/site\/contato\/","url":"https:\/\/www.gpgroup.com.br\/site\/contato\/","name":"Contato - General Parts","isPartOf":{"@id":"https:\/\/www.gpgroup.com.br\/site\/#website"},"datePublished":"2018-04-16T11:53:15+00:00","dateModified":"2020-12-01T18:13:46+00:00","breadcrumb":{"@id":"https:\/\/www.gpgroup.com.br\/site\/contato\/#breadcrumb"},"inLanguage":"pt-BR","potentialAction":[{"@type":"ReadAction","target":["https:\/\/www.gpgroup.com.br\/site\/contato\/"]}]},{"@type":"BreadcrumbList","@id":"https:\/\/www.gpgroup.com.br\/site\/contato\/#breadcrumb","itemListElement":[{"@type":"ListItem","position":1,"name":"In\u00edcio","item":"https:\/\/www.gpgroup.com.br\/site\/"},{"@type":"ListItem","position":2,"name":"Contato"}]},{"@type":"WebSite","@id":"https:\/\/www.gpgroup.com.br\/site\/#website","url":"https:\/\/www.gpgroup.com.br\/site\/","name":"General Parts","description":"Toner &amp; Pe\u00e7as para impressoras e copiadoras","publisher":{"@id":"https:\/\/www.gpgroup.com.br\/site\/#organization"},"potentialAction":[{"@type":"SearchAction","target":{"@type":"EntryPoint","urlTemplate":"https:\/\/www.gpgroup.com.br\/site\/?s={search_term_string}"},"query-input":"required name=search_term_string"}],"inLanguage":"pt-BR"},{"@type":"Organization","@id":"https:\/\/www.gpgroup.com.br\/site\/#organization","name":"GP Pe\u00e7as","url":"https:\/\/www.gpgroup.com.br\/site\/","logo":{"@type":"ImageObject","inLanguage":"pt-BR","@id":"https:\/\/www.gpgroup.com.br\/site\/#\/schema\/logo\/image\/","url":"https:\/\/www.gppecas.com.br\/site\/wp-content\/uploads\/2020\/11\/logotipo-big.jpg","contentUrl":"https:\/\/www.gppecas.com.br\/site\/wp-content\/uploads\/2020\/11\/logotipo-big.jpg","width":540,"height":298,"caption":"GP Pe\u00e7as"},"image":{"@id":"https:\/\/www.gpgroup.com.br\/site\/#\/schema\/logo\/image\/"},"sameAs":["https:\/\/www.facebook.com\/partsgeneral","https:\/\/www.instagram.com\/generalparts\/"]}]}},"_links":{"self":[{"href":"https:\/\/www.gpgroup.com.br\/site\/wp-json\/wp\/v2\/pages\/15"}],"collection":[{"href":"https:\/\/www.gpgroup.com.br\/site\/wp-json\/wp\/v2\/pages"}],"about":[{"href":"https:\/\/www.gpgroup.com.br\/site\/wp-json\/wp\/v2\/types\/page"}],"author":[{"embeddable":true,"href":"https:\/\/www.gpgroup.com.br\/site\/wp-json\/wp\/v2\/users\/2"}],"replies":[{"embeddable":true,"href":"https:\/\/www.gpgroup.com.br\/site\/wp-json\/wp\/v2\/comments?post=15"}],"version-history":[{"count":4,"href":"https:\/\/www.gpgroup.com.br\/site\/wp-json\/wp\/v2\/pages\/15\/revisions"}],"predecessor-version":[{"id":1190,"href":"https:\/\/www.gpgroup.com.br\/site\/wp-json\/wp\/v2\/pages\/15\/revisions\/1190"}],"wp:attachment":[{"href":"https:\/\/www.gpgroup.com.br\/site\/wp-json\/wp\/v2\/media?parent=15"}],"curies":[{"name":"wp","href":"https:\/\/api.w.org\/{rel}","templated":true}]}}